{"id":7372,"date":"2024-02-02T22:37:52","date_gmt":"2024-02-02T21:37:52","guid":{"rendered":"https:\/\/baobolt.com\/?post_type=product&#038;p=7372"},"modified":"2024-02-10T00:27:28","modified_gmt":"2024-02-09T23:27:28","slug":"emig-251d-250d-mig-maggmaw","status":"publish","type":"product","link":"https:\/\/baobolt.com\/index.php\/produit\/emig-251d-250d-mig-maggmaw\/","title":{"rendered":"EMIG 251D\/250D MIG\/MAG(GMAW)"},"content":{"rendered":"<div class=\"detailTop clearfix\">\n<div class=\"detailInfo\">\n<div class=\"marb35\">\n<div class=\"fontp fontp1\">\n<p><span>\u25cf\u00c9quip\u00e9 d&rsquo;une protection contre la tension et d&rsquo;une protection thermique<\/span><br \/>\n<span>\u25cfIndicateurs LED d&rsquo;alimentation et de surcharge<\/span><br \/>\n<span>\u25cfBouton de r\u00e9glage continu de la vitesse d&rsquo;alimentation du fil, de la tension et de l&rsquo;inductance\u00a0<\/span><br \/>\n<span>\u00a0 pour MIG (GMAW)<\/span><br \/>\n<span>\u25cfBouton de r\u00e9glage anti-adh\u00e9sif, d\u00e9marrage \u00e0 chaud et courant de soudage continu int\u00e9gr\u00e9\u00a0\u00a0<\/span><br \/>\n<span>\u00a0 pour le soudage MMA\u00a0<\/span><br \/>\n<span>\u25cf Mode de soudage et s\u00e9lecteur 2T\/4T<\/span><br \/>\n<span>\u25cfConnexions faciles des c\u00e2bles de soudage avec connecteurs rapides de type europ\u00e9en.<\/span><br \/>\n<span>\u25cfSyst\u00e8me de refroidissement par ventilateur<\/span><br \/>\n<span>\u25cfClasse de protection IP21S.<\/span><br \/>\n<span>\u25cfConception petite, compacte et brevet\u00e9e\u00a0<\/span><br \/>\n<span>\u25cfLe poids est de seulement 52 kg.<\/span><br \/>\n<span>\u25cfDimensions (cm.) (L\u00d7L\u00d7H) 99\u00d7 49,5\u00d7 72<\/span><\/p>\n<\/div>\n<\/div>\n<\/div>\n<\/div>\n<div id=\"item01\" class=\"detailCPMS item bjq\">\n<p><img fetchpriority=\"high\" decoding=\"async\" class=\"aligncenter\" src=\"https:\/\/www.hugongwelds.com\/UploadImage\/edit\/images\/EMIG%20251D%20250D.png\" alt=\"EMIG%20251D%20250D\" width=\"553\" height=\"457\" title=\"EMIG 251D\/250D MIG\/MAG(GMAW)\"><\/p>\n<\/div>\n","protected":false},"excerpt":{"rendered":"<p><span>\u25cf Soudeur \u00e0 onduleur multi-proc\u00e9d\u00e9s sur roues\u00a0<\/span><br \/>\n<span>\u25cf Processus multiples avec MIG (GMAW) et MMA (SMAW)<\/span><br \/>\n<span>\u25cf Technologie d&rsquo;onduleur IGBT avanc\u00e9e de nouvelle g\u00e9n\u00e9ration\u00a0<\/span><br \/>\n<span>\u25cf Type industriel, compact et robuste, facile \u00e0 d\u00e9placer.<\/span><br \/>\n<span>\u25cfUnit\u00e9 d&rsquo;alimentation en fil \u00e0 4 rouleaux int\u00e9gr\u00e9e.<\/span><br \/>\n<span>\u25cfId\u00e9al pour le soudage des aciers au carbone, des aciers faiblement alli\u00e9s, des aciers inoxydables et de l&rsquo;aluminium.<\/span><br \/>\n<span>\u25cfExcellent soudage avec des fils d&rsquo;acier, d&rsquo;acier inoxydable, d&rsquo;aluminium et fourr\u00e9s<\/span><br \/>\n<span>. \u25cfAffichage num\u00e9rique du courant et de la tension de soudage.\u00a0<\/span><\/p>\n","protected":false},"featured_media":7373,"comment_status":"open","ping_status":"closed","template":"","meta":{"_eb_attr":"","ocean_post_layout":"","ocean_both_sidebars_style":"","ocean_both_sidebars_content_width":0,"ocean_both_sidebars_sidebars_width":0,"ocean_sidebar":"0","ocean_second_sidebar":"0","ocean_disable_margins":"enable","ocean_add_body_class":"","ocean_shortcode_before_top_bar":"","ocean_shortcode_after_top_bar":"","ocean_shortcode_before_header":"","ocean_shortcode_after_header":"","ocean_has_shortcode":"","ocean_shortcode_after_title":"","ocean_shortcode_before_footer_widgets":"","ocean_shortcode_after_footer_widgets":"","ocean_shortcode_before_footer_bottom":"","ocean_shortcode_after_footer_bottom":"","ocean_display_top_bar":"default","ocean_display_header":"default","ocean_header_style":"","ocean_center_header_left_menu":"0","ocean_custom_header_template":"0","ocean_custom_logo":0,"ocean_custom_retina_logo":0,"ocean_custom_logo_max_width":0,"ocean_custom_logo_tablet_max_width":0,"ocean_custom_logo_mobile_max_width":0,"ocean_custom_logo_max_height":0,"ocean_custom_logo_tablet_max_height":0,"ocean_custom_logo_mobile_max_height":0,"ocean_header_custom_menu":"0","ocean_menu_typo_font_family":"0","ocean_menu_typo_font_subset":"","ocean_menu_typo_font_size":0,"ocean_menu_typo_font_size_tablet":0,"ocean_menu_typo_font_size_mobile":0,"ocean_menu_typo_font_size_unit":"px","ocean_menu_typo_font_weight":"","ocean_menu_typo_font_weight_tablet":"","ocean_menu_typo_font_weight_mobile":"","ocean_menu_typo_transform":"","ocean_menu_typo_transform_tablet":"","ocean_menu_typo_transform_mobile":"","ocean_menu_typo_line_height":0,"ocean_menu_typo_line_height_tablet":0,"ocean_menu_typo_line_height_mobile":0,"ocean_menu_typo_line_height_unit":"","ocean_menu_typo_spacing":0,"ocean_menu_typo_spacing_tablet":0,"ocean_menu_typo_spacing_mobile":0,"ocean_menu_typo_spacing_unit":"","ocean_menu_link_color":"","ocean_menu_link_color_hover":"","ocean_menu_link_color_active":"","ocean_menu_link_background":"","ocean_menu_link_hover_background":"","ocean_menu_link_active_background":"","ocean_menu_social_links_bg":"","ocean_menu_social_hover_links_bg":"","ocean_menu_social_links_color":"","ocean_menu_social_hover_links_color":"","ocean_disable_title":"default","ocean_disable_heading":"default","ocean_post_title":"","ocean_post_subheading":"","ocean_post_title_style":"","ocean_post_title_background_color":"","ocean_post_title_background":0,"ocean_post_title_bg_image_position":"","ocean_post_title_bg_image_attachment":"","ocean_post_title_bg_image_repeat":"","ocean_post_title_bg_image_size":"","ocean_post_title_height":0,"ocean_post_title_bg_overlay":0.5,"ocean_post_title_bg_overlay_color":"","ocean_disable_breadcrumbs":"default","ocean_breadcrumbs_color":"","ocean_breadcrumbs_separator_color":"","ocean_breadcrumbs_links_color":"","ocean_breadcrumbs_links_hover_color":"","ocean_display_footer_widgets":"default","ocean_display_footer_bottom":"default","ocean_custom_footer_template":"0"},"product_brand":[],"product_cat":[96,65],"product_tag":[],"class_list":{"0":"post-7372","1":"product","2":"type-product","3":"status-publish","4":"has-post-thumbnail","6":"product_cat-hugong","7":"product_cat-migmag","9":"entry","10":"has-media","12":"first","13":"instock","14":"shipping-taxable","15":"product-type-simple","16":"has-product-nav","17":"col","18":"span_1_of_5","19":"owp-content-center","20":"owp-thumbs-layout-vertical","21":"owp-btn-big","22":"owp-tabs-layout-vertical","23":"has-no-thumbnails","25":"circle-sale"},"_links":{"self":[{"href":"https:\/\/baobolt.com\/index.php\/wp-json\/wp\/v2\/product\/7372","targetHints":{"allow":["GET"]}}],"collection":[{"href":"https:\/\/baobolt.com\/index.php\/wp-json\/wp\/v2\/product"}],"about":[{"href":"https:\/\/baobolt.com\/index.php\/wp-json\/wp\/v2\/types\/product"}],"replies":[{"embeddable":true,"href":"https:\/\/baobolt.com\/index.php\/wp-json\/wp\/v2\/comments?post=7372"}],"version-history":[{"count":2,"href":"https:\/\/baobolt.com\/index.php\/wp-json\/wp\/v2\/product\/7372\/revisions"}],"predecessor-version":[{"id":7375,"href":"https:\/\/baobolt.com\/index.php\/wp-json\/wp\/v2\/product\/7372\/revisions\/7375"}],"wp:featuredmedia":[{"embeddable":true,"href":"https:\/\/baobolt.com\/index.php\/wp-json\/wp\/v2\/media\/7373"}],"wp:attachment":[{"href":"https:\/\/baobolt.com\/index.php\/wp-json\/wp\/v2\/media?parent=7372"}],"wp:term":[{"taxonomy":"product_brand","embeddable":true,"href":"https:\/\/baobolt.com\/index.php\/wp-json\/wp\/v2\/product_brand?post=7372"},{"taxonomy":"product_cat","embeddable":true,"href":"https:\/\/baobolt.com\/index.php\/wp-json\/wp\/v2\/product_cat?post=7372"},{"taxonomy":"product_tag","embeddable":true,"href":"https:\/\/baobolt.com\/index.php\/wp-json\/wp\/v2\/product_tag?post=7372"}],"curies":[{"name":"wp","href":"https:\/\/api.w.org\/{rel}","templated":true}]}}