{"id":7342,"date":"2024-02-02T00:12:41","date_gmt":"2024-02-01T23:12:41","guid":{"rendered":"https:\/\/baobolt.com\/?post_type=product&#038;p=7342"},"modified":"2024-02-02T00:12:41","modified_gmt":"2024-02-01T23:12:41","slug":"baton-dalimentation-250iii-300iiismaw","status":"publish","type":"product","link":"https:\/\/baobolt.com\/index.php\/produit\/baton-dalimentation-250iii-300iiismaw\/","title":{"rendered":"B\u00c2TON D&rsquo;ALIMENTATION 250III\/300III[SMAW]"},"content":{"rendered":"<p><span>\u25cfClasse de protection IP21S.<\/span><br \/>\n<span>\u25cfL\u00e9ger, petit et design compact brevet\u00e9.<\/span><br \/>\n<span>\u25cfLe poids n&rsquo;est que de 18,5 kg.<\/span><br \/>\n<span>\u25cfDimensions (cm.) (L\u00d7L\u00d7H) 55\u00d7 24\u00d7 40<\/span><\/p>\n<h3 class=\"f20\"><img fetchpriority=\"high\" decoding=\"async\" class=\"\" style=\"font-size: 16px; font-weight: 400;\" src=\"https:\/\/www.hugongwelds.com\/UploadImage\/edit\/images\/POWER%20STICK%20250III%20300III.png\" alt=\"POWER%20STICK%20250III%20300III\" width=\"515\" height=\"424\" title=\"B\u00c2TON D&#039;ALIMENTATION 250III\/300III[SMAW]\"><\/h3>\n","protected":false},"excerpt":{"rendered":"<p>Technologie d&rsquo;onduleur IGBT de nouvelle g\u00e9n\u00e9ration<br \/>\n\u25cfD\u00e9marrage \u00e0 chaud, anti-adh\u00e9rence et r\u00e9glage int\u00e9gr\u00e9s Force de l&rsquo;arc<br \/>\n\u25cfCycle de service et capacit\u00e9 de soudage \u00e9lev\u00e9s<br \/>\n\u25cfId\u00e9al pour le soudage des aciers au carbone, des aciers faiblement alli\u00e9s et des aciers inoxydables<br \/>\n\u25cfExcellentes performances de soudage avec le Rutile (E 6013 ), Basic ( E \u200b\u200b7018)<br \/>\nen diam\u00e8tres de 1,6 mm.\u00a0\u00e0 5 mm.<br \/>\n\u25cfPanneau de commande facile \u00e0 utiliser et convivial<\/p>\n<p><span>\u25cfBouton de r\u00e9glage du courant de soudage en continu<\/span><br \/>\n<span>\u25cfAmp\u00e8rem\u00e8tre num\u00e9rique<\/span><br \/>\n<span>\u25cfT\u00e9moin d&rsquo;alimentation<\/span><br \/>\n<span>\u25cfEquip\u00e9 d&rsquo;une protection thermique et de son voyant lumineux.<\/span><br \/>\n<span>\u25cf\u00c9quip\u00e9 d&rsquo;une protection contre la tension, cela am\u00e9liore la fiabilit\u00e9.<\/span><br \/>\n<span>\u25cfConnexions de c\u00e2bles de soudage faciles avec des connecteurs rapides de type europ\u00e9en.<\/span><br \/>\n<span>\u25cfSyst\u00e8me de refroidissement par ventilateur<\/span><\/p>\n","protected":false},"featured_media":7343,"comment_status":"open","ping_status":"closed","template":"","meta":{"_eb_attr":"","ocean_post_layout":"","ocean_both_sidebars_style":"","ocean_both_sidebars_content_width":0,"ocean_both_sidebars_sidebars_width":0,"ocean_sidebar":"0","ocean_second_sidebar":"0","ocean_disable_margins":"enable","ocean_add_body_class":"","ocean_shortcode_before_top_bar":"","ocean_shortcode_after_top_bar":"","ocean_shortcode_before_header":"","ocean_shortcode_after_header":"","ocean_has_shortcode":"","ocean_shortcode_after_title":"","ocean_shortcode_before_footer_widgets":"","ocean_shortcode_after_footer_widgets":"","ocean_shortcode_before_footer_bottom":"","ocean_shortcode_after_footer_bottom":"","ocean_display_top_bar":"default","ocean_display_header":"default","ocean_header_style":"","ocean_center_header_left_menu":"0","ocean_custom_header_template":"0","ocean_custom_logo":0,"ocean_custom_retina_logo":0,"ocean_custom_logo_max_width":0,"ocean_custom_logo_tablet_max_width":0,"ocean_custom_logo_mobile_max_width":0,"ocean_custom_logo_max_height":0,"ocean_custom_logo_tablet_max_height":0,"ocean_custom_logo_mobile_max_height":0,"ocean_header_custom_menu":"0","ocean_menu_typo_font_family":"0","ocean_menu_typo_font_subset":"","ocean_menu_typo_font_size":0,"ocean_menu_typo_font_size_tablet":0,"ocean_menu_typo_font_size_mobile":0,"ocean_menu_typo_font_size_unit":"px","ocean_menu_typo_font_weight":"","ocean_menu_typo_font_weight_tablet":"","ocean_menu_typo_font_weight_mobile":"","ocean_menu_typo_transform":"","ocean_menu_typo_transform_tablet":"","ocean_menu_typo_transform_mobile":"","ocean_menu_typo_line_height":0,"ocean_menu_typo_line_height_tablet":0,"ocean_menu_typo_line_height_mobile":0,"ocean_menu_typo_line_height_unit":"","ocean_menu_typo_spacing":0,"ocean_menu_typo_spacing_tablet":0,"ocean_menu_typo_spacing_mobile":0,"ocean_menu_typo_spacing_unit":"","ocean_menu_link_color":"","ocean_menu_link_color_hover":"","ocean_menu_link_color_active":"","ocean_menu_link_background":"","ocean_menu_link_hover_background":"","ocean_menu_link_active_background":"","ocean_menu_social_links_bg":"","ocean_menu_social_hover_links_bg":"","ocean_menu_social_links_color":"","ocean_menu_social_hover_links_color":"","ocean_disable_title":"default","ocean_disable_heading":"default","ocean_post_title":"","ocean_post_subheading":"","ocean_post_title_style":"","ocean_post_title_background_color":"","ocean_post_title_background":0,"ocean_post_title_bg_image_position":"","ocean_post_title_bg_image_attachment":"","ocean_post_title_bg_image_repeat":"","ocean_post_title_bg_image_size":"","ocean_post_title_height":0,"ocean_post_title_bg_overlay":0.5,"ocean_post_title_bg_overlay_color":"","ocean_disable_breadcrumbs":"default","ocean_breadcrumbs_color":"","ocean_breadcrumbs_separator_color":"","ocean_breadcrumbs_links_color":"","ocean_breadcrumbs_links_hover_color":"","ocean_display_footer_widgets":"default","ocean_display_footer_bottom":"default","ocean_custom_footer_template":"0"},"product_brand":[],"product_cat":[96],"product_tag":[],"class_list":{"0":"post-7342","1":"product","2":"type-product","3":"status-publish","4":"has-post-thumbnail","6":"product_cat-hugong","8":"entry","9":"has-media","11":"first","12":"instock","13":"shipping-taxable","14":"product-type-simple","15":"has-product-nav","16":"col","17":"span_1_of_5","18":"owp-content-center","19":"owp-thumbs-layout-vertical","20":"owp-btn-big","21":"owp-tabs-layout-vertical","22":"has-no-thumbnails","24":"circle-sale"},"_links":{"self":[{"href":"https:\/\/baobolt.com\/index.php\/wp-json\/wp\/v2\/product\/7342","targetHints":{"allow":["GET"]}}],"collection":[{"href":"https:\/\/baobolt.com\/index.php\/wp-json\/wp\/v2\/product"}],"about":[{"href":"https:\/\/baobolt.com\/index.php\/wp-json\/wp\/v2\/types\/product"}],"replies":[{"embeddable":true,"href":"https:\/\/baobolt.com\/index.php\/wp-json\/wp\/v2\/comments?post=7342"}],"version-history":[{"count":1,"href":"https:\/\/baobolt.com\/index.php\/wp-json\/wp\/v2\/product\/7342\/revisions"}],"predecessor-version":[{"id":7344,"href":"https:\/\/baobolt.com\/index.php\/wp-json\/wp\/v2\/product\/7342\/revisions\/7344"}],"wp:featuredmedia":[{"embeddable":true,"href":"https:\/\/baobolt.com\/index.php\/wp-json\/wp\/v2\/media\/7343"}],"wp:attachment":[{"href":"https:\/\/baobolt.com\/index.php\/wp-json\/wp\/v2\/media?parent=7342"}],"wp:term":[{"taxonomy":"product_brand","embeddable":true,"href":"https:\/\/baobolt.com\/index.php\/wp-json\/wp\/v2\/product_brand?post=7342"},{"taxonomy":"product_cat","embeddable":true,"href":"https:\/\/baobolt.com\/index.php\/wp-json\/wp\/v2\/product_cat?post=7342"},{"taxonomy":"product_tag","embeddable":true,"href":"https:\/\/baobolt.com\/index.php\/wp-json\/wp\/v2\/product_tag?post=7342"}],"curies":[{"name":"wp","href":"https:\/\/api.w.org\/{rel}","templated":true}]}}