{"id":7252,"date":"2024-01-28T16:04:39","date_gmt":"2024-01-28T15:04:39","guid":{"rendered":"https:\/\/baobolt.com\/?post_type=product&#038;p=7252"},"modified":"2024-12-01T18:39:42","modified_gmt":"2024-12-01T17:39:42","slug":"systeme-plasma-powermax30-xp","status":"publish","type":"product","link":"https:\/\/baobolt.com\/index.php\/produit\/systeme-plasma-powermax30-xp\/","title":{"rendered":"Syst\u00e8me plasma Powermax30 XP"},"content":{"rendered":"<table class=\"table table-bordered table-striped\" style=\"height: 364px;\" width=\"790\">\n<tbody>\n<tr>\n<th>Tensions d\u2019entr\u00e9e<\/th>\n<td>120\u00a0\u2013\u00a0240 V, monophas\u00e9, 50\/60\u00a0Hz<\/td>\n<\/tr>\n<tr>\n<th>Courant d\u2019entr\u00e9e \u00e0 3,8\u00a0kW<\/th>\n<td>120\u00a0\u2013\u00a0240\u00a0V, monophas\u00e9, 25\u00a0\u2013\u00a018,8\u00a0A<\/td>\n<\/tr>\n<tr>\n<th>Courant de sortie<\/th>\n<td>15\u00a0\u2013\u00a030\u00a0A<\/td>\n<\/tr>\n<tr>\n<th>Tension de sortie nominale<\/th>\n<td>125\u00a0V\u00a0c.c.<\/td>\n<\/tr>\n<tr>\n<th>Facteur de marche \u00e0 40\u00a0\u00b0C<\/th>\n<td>35\u00a0%, 240\u00a0V<br \/>\n20\u00a0%, 120\u00a0V<\/td>\n<\/tr>\n<tr>\n<th>Tension \u00e0 vide<\/th>\n<td>256\u00a0V\u00a0c.c.<\/td>\n<\/tr>\n<tr>\n<th>Dimensions avec les poign\u00e9es<\/th>\n<td>356\u00a0mm P\u00a0; 168 mm\u00a0L\u00a0;\u00a0305\u00a0mm H<\/td>\n<\/tr>\n<tr>\n<th>Poids avec torche de 4,5\u00a0m<\/th>\n<td>CSA\u00a0: 9,7\u00a0kg<br \/>\nCE, CCC\u00a0: 9,5\u00a0kg<\/td>\n<\/tr>\n<tr>\n<th>Alimentation en gaz<\/th>\n<td>Air pur, sec, exempt d\u2019huile ou d\u2019azote<\/td>\n<\/tr>\n<tr>\n<th>Entr\u00e9e de gaz recommand\u00e9e<br \/>\nD\u00e9bit\/pression d\u2019\u00e9coulement<\/th>\n<td>113,3\u00a0L\/min \u00e0 5,5\u00a0bar<\/td>\n<\/tr>\n<tr>\n<th>Longueur du c\u00e2ble d\u2019alimentation<\/th>\n<td>3 m<\/td>\n<\/tr>\n<tr>\n<th>Type de source de courant<\/th>\n<td>Onduleur \u2013 Transistor bipolaire \u00e0 grille isol\u00e9e (IGBT)<\/td>\n<\/tr>\n<tr>\n<th>Exigence entra\u00eenement moteur<\/th>\n<td>5,5\u00a0kW pour sortie maximale \u00e0 30\u00a0A<\/td>\n<\/tr>\n<\/tbody>\n<\/table>\n","protected":false},"excerpt":{"rendered":"<div class=\"shorten\">\n<p>Le Powermax30\u00ae XP est un syst\u00e8me de coupage plasma hautement portable, adapt\u00e9 \u00e0 une large gamme d\u2019applications. Avec sa conception unique deux-en-un, le syst\u00e8me offre une capacit\u00e9 haute puissance sur du m\u00e9tal \u00e9pais, en plus de consommables FineCut\u00ae pour la coupe pr\u00e9cise de m\u00e9tal mince. Le syst\u00e8me polyvalent \u00e0 30\u00a0A utilise de l\u2019air ou de l\u2019azote pour couper \u00e9lectriquement des m\u00e9taux conducteurs, tels que l\u2019acier doux, l\u2019acier inoxydable ou l\u2019aluminium.<\/p>\n<\/div>\n<div class=\"container-fluid\">\n<div class=\"row\"><\/div>\n<\/div>\n","protected":false},"featured_media":9537,"comment_status":"open","ping_status":"closed","template":"","meta":{"_eb_attr":"","ocean_post_layout":"","ocean_both_sidebars_style":"","ocean_both_sidebars_content_width":0,"ocean_both_sidebars_sidebars_width":0,"ocean_sidebar":"0","ocean_second_sidebar":"0","ocean_disable_margins":"enable","ocean_add_body_class":"","ocean_shortcode_before_top_bar":"","ocean_shortcode_after_top_bar":"","ocean_shortcode_before_header":"","ocean_shortcode_after_header":"","ocean_has_shortcode":"","ocean_shortcode_after_title":"","ocean_shortcode_before_footer_widgets":"","ocean_shortcode_after_footer_widgets":"","ocean_shortcode_before_footer_bottom":"","ocean_shortcode_after_footer_bottom":"","ocean_display_top_bar":"default","ocean_display_header":"default","ocean_header_style":"","ocean_center_header_left_menu":"0","ocean_custom_header_template":"0","ocean_custom_logo":0,"ocean_custom_retina_logo":0,"ocean_custom_logo_max_width":0,"ocean_custom_logo_tablet_max_width":0,"ocean_custom_logo_mobile_max_width":0,"ocean_custom_logo_max_height":0,"ocean_custom_logo_tablet_max_height":0,"ocean_custom_logo_mobile_max_height":0,"ocean_header_custom_menu":"0","ocean_menu_typo_font_family":"0","ocean_menu_typo_font_subset":"","ocean_menu_typo_font_size":0,"ocean_menu_typo_font_size_tablet":0,"ocean_menu_typo_font_size_mobile":0,"ocean_menu_typo_font_size_unit":"px","ocean_menu_typo_font_weight":"","ocean_menu_typo_font_weight_tablet":"","ocean_menu_typo_font_weight_mobile":"","ocean_menu_typo_transform":"","ocean_menu_typo_transform_tablet":"","ocean_menu_typo_transform_mobile":"","ocean_menu_typo_line_height":0,"ocean_menu_typo_line_height_tablet":0,"ocean_menu_typo_line_height_mobile":0,"ocean_menu_typo_line_height_unit":"","ocean_menu_typo_spacing":0,"ocean_menu_typo_spacing_tablet":0,"ocean_menu_typo_spacing_mobile":0,"ocean_menu_typo_spacing_unit":"","ocean_menu_link_color":"","ocean_menu_link_color_hover":"","ocean_menu_link_color_active":"","ocean_menu_link_background":"","ocean_menu_link_hover_background":"","ocean_menu_link_active_background":"","ocean_menu_social_links_bg":"","ocean_menu_social_hover_links_bg":"","ocean_menu_social_links_color":"","ocean_menu_social_hover_links_color":"","ocean_disable_title":"default","ocean_disable_heading":"default","ocean_post_title":"","ocean_post_subheading":"","ocean_post_title_style":"","ocean_post_title_background_color":"","ocean_post_title_background":0,"ocean_post_title_bg_image_position":"","ocean_post_title_bg_image_attachment":"","ocean_post_title_bg_image_repeat":"","ocean_post_title_bg_image_size":"","ocean_post_title_height":0,"ocean_post_title_bg_overlay":0.5,"ocean_post_title_bg_overlay_color":"","ocean_disable_breadcrumbs":"default","ocean_breadcrumbs_color":"","ocean_breadcrumbs_separator_color":"","ocean_breadcrumbs_links_color":"","ocean_breadcrumbs_links_hover_color":"","ocean_display_footer_widgets":"default","ocean_display_footer_bottom":"default","ocean_custom_footer_template":"0"},"product_brand":[],"product_cat":[64,62],"product_tag":[],"class_list":{"0":"post-7252","1":"product","2":"type-product","3":"status-publish","4":"has-post-thumbnail","6":"product_cat-hypertherm","7":"product_cat-coupage-plasma","9":"entry","10":"has-media","12":"first","13":"instock","14":"shipping-taxable","15":"product-type-simple","16":"has-product-nav","17":"col","18":"span_1_of_5","19":"owp-content-center","20":"owp-thumbs-layout-vertical","21":"owp-btn-big","22":"owp-tabs-layout-vertical","23":"has-no-thumbnails","25":"circle-sale"},"_links":{"self":[{"href":"https:\/\/baobolt.com\/index.php\/wp-json\/wp\/v2\/product\/7252","targetHints":{"allow":["GET"]}}],"collection":[{"href":"https:\/\/baobolt.com\/index.php\/wp-json\/wp\/v2\/product"}],"about":[{"href":"https:\/\/baobolt.com\/index.php\/wp-json\/wp\/v2\/types\/product"}],"replies":[{"embeddable":true,"href":"https:\/\/baobolt.com\/index.php\/wp-json\/wp\/v2\/comments?post=7252"}],"version-history":[{"count":2,"href":"https:\/\/baobolt.com\/index.php\/wp-json\/wp\/v2\/product\/7252\/revisions"}],"predecessor-version":[{"id":9538,"href":"https:\/\/baobolt.com\/index.php\/wp-json\/wp\/v2\/product\/7252\/revisions\/9538"}],"wp:featuredmedia":[{"embeddable":true,"href":"https:\/\/baobolt.com\/index.php\/wp-json\/wp\/v2\/media\/9537"}],"wp:attachment":[{"href":"https:\/\/baobolt.com\/index.php\/wp-json\/wp\/v2\/media?parent=7252"}],"wp:term":[{"taxonomy":"product_brand","embeddable":true,"href":"https:\/\/baobolt.com\/index.php\/wp-json\/wp\/v2\/product_brand?post=7252"},{"taxonomy":"product_cat","embeddable":true,"href":"https:\/\/baobolt.com\/index.php\/wp-json\/wp\/v2\/product_cat?post=7252"},{"taxonomy":"product_tag","embeddable":true,"href":"https:\/\/baobolt.com\/index.php\/wp-json\/wp\/v2\/product_tag?post=7252"}],"curies":[{"name":"wp","href":"https:\/\/api.w.org\/{rel}","templated":true}]}}