{"id":6382,"date":"2024-01-01T01:14:31","date_gmt":"2024-01-01T00:14:31","guid":{"rendered":"https:\/\/baobolt.com\/?post_type=product&#038;p=6382"},"modified":"2024-03-19T23:25:06","modified_gmt":"2024-03-19T22:25:06","slug":"lunettes-modele-basic","status":"publish","type":"product","link":"https:\/\/baobolt.com\/index.php\/produit\/lunettes-modele-basic\/","title":{"rendered":"Lunettes Mod\u00e8le Basic"},"content":{"rendered":"<table width=\"100%\">\n<tbody>\n<tr>\n<td>Champ de vision<\/td>\n<td>98 x 43 mm<\/td>\n<\/tr>\n<tr>\n<td>Dimensions de la cassette<\/td>\n<td>110 x 90 x 9 mm<\/td>\n<\/tr>\n<tr>\n<td>Protection UV \/ IR<\/td>\n<td>permanent jusqu\u2019au niveau DIN 16<\/td>\n<\/tr>\n<tr>\n<td>Protection contre les ombres l\u00e9g\u00e8res<\/td>\n<td>DIN 4<\/td>\n<\/tr>\n<tr>\n<td>Protection des tons fonc\u00e9s<\/td>\n<td>DIN 9-13<\/td>\n<\/tr>\n<tr>\n<td>Mat\u00e9riau de la coque<\/td>\n<td>Plastique polyamide r\u00e9sistant aux chocs<\/td>\n<\/tr>\n<tr>\n<td>Poids<\/td>\n<td>435 \u2013 450 gr<\/td>\n<\/tr>\n<\/tbody>\n<\/table>\n","protected":false},"excerpt":{"rendered":"<p>Les premi\u00e8res lunettes de soudage \u00e0 assombrissement automatique au monde.<br \/>\nSuper l\u00e9ger, petit et facile \u00e0 transporter, mais avec une protection et une flexibilit\u00e9 maximales.<br \/>\nLunettes de soudage avec assombrissement automatique et \u00e9cran anti-\u00e9claboussures.<br \/>\nLes concepts multifonctionnels et polyvalents pr\u00e9sent\u00e9s sont id\u00e9aux pour les travaux dans des espaces confin\u00e9s, le soudage de tuyaux, le soudage de ressorts, l\u2019inspection et l\u2019instruction des soudures, etc.<\/p>\n<p><strong>Utiliser :<\/strong><br \/>\nMeulage : DIN 3 | Gaz \/ Plasma : DIN 5 \/ 7<br \/>\nMIG\/TIG : DIN 5 \u00e0 13<\/p>\n<p><strong>Comprend.<br \/>\n<\/strong>Lunettes de protection \u00e9lectroniques.<br \/>\n\u00c9cran facial anti-projections.<br \/>\nAdaptateur pour lunettes de vue et 2 protections frontales.<br \/>\nSac de transport.<\/p>\n","protected":false},"featured_media":6383,"comment_status":"open","ping_status":"closed","template":"","meta":{"_eb_attr":"","ocean_post_layout":"","ocean_both_sidebars_style":"","ocean_both_sidebars_content_width":0,"ocean_both_sidebars_sidebars_width":0,"ocean_sidebar":"0","ocean_second_sidebar":"0","ocean_disable_margins":"enable","ocean_add_body_class":"","ocean_shortcode_before_top_bar":"","ocean_shortcode_after_top_bar":"","ocean_shortcode_before_header":"","ocean_shortcode_after_header":"","ocean_has_shortcode":"","ocean_shortcode_after_title":"","ocean_shortcode_before_footer_widgets":"","ocean_shortcode_after_footer_widgets":"","ocean_shortcode_before_footer_bottom":"","ocean_shortcode_after_footer_bottom":"","ocean_display_top_bar":"default","ocean_display_header":"default","ocean_header_style":"","ocean_center_header_left_menu":"0","ocean_custom_header_template":"0","ocean_custom_logo":0,"ocean_custom_retina_logo":0,"ocean_custom_logo_max_width":0,"ocean_custom_logo_tablet_max_width":0,"ocean_custom_logo_mobile_max_width":0,"ocean_custom_logo_max_height":0,"ocean_custom_logo_tablet_max_height":0,"ocean_custom_logo_mobile_max_height":0,"ocean_header_custom_menu":"0","ocean_menu_typo_font_family":"0","ocean_menu_typo_font_subset":"","ocean_menu_typo_font_size":0,"ocean_menu_typo_font_size_tablet":0,"ocean_menu_typo_font_size_mobile":0,"ocean_menu_typo_font_size_unit":"px","ocean_menu_typo_font_weight":"","ocean_menu_typo_font_weight_tablet":"","ocean_menu_typo_font_weight_mobile":"","ocean_menu_typo_transform":"","ocean_menu_typo_transform_tablet":"","ocean_menu_typo_transform_mobile":"","ocean_menu_typo_line_height":0,"ocean_menu_typo_line_height_tablet":0,"ocean_menu_typo_line_height_mobile":0,"ocean_menu_typo_line_height_unit":"","ocean_menu_typo_spacing":0,"ocean_menu_typo_spacing_tablet":0,"ocean_menu_typo_spacing_mobile":0,"ocean_menu_typo_spacing_unit":"","ocean_menu_link_color":"","ocean_menu_link_color_hover":"","ocean_menu_link_color_active":"","ocean_menu_link_background":"","ocean_menu_link_hover_background":"","ocean_menu_link_active_background":"","ocean_menu_social_links_bg":"","ocean_menu_social_hover_links_bg":"","ocean_menu_social_links_color":"","ocean_menu_social_hover_links_color":"","ocean_disable_title":"default","ocean_disable_heading":"default","ocean_post_title":"","ocean_post_subheading":"","ocean_post_title_style":"","ocean_post_title_background_color":"","ocean_post_title_background":0,"ocean_post_title_bg_image_position":"","ocean_post_title_bg_image_attachment":"","ocean_post_title_bg_image_repeat":"","ocean_post_title_bg_image_size":"","ocean_post_title_height":0,"ocean_post_title_bg_overlay":0.5,"ocean_post_title_bg_overlay_color":"","ocean_disable_breadcrumbs":"default","ocean_breadcrumbs_color":"","ocean_breadcrumbs_separator_color":"","ocean_breadcrumbs_links_color":"","ocean_breadcrumbs_links_hover_color":"","ocean_display_footer_widgets":"default","ocean_display_footer_bottom":"default","ocean_custom_footer_template":"0"},"product_brand":[],"product_cat":[51,87,69,45,46],"product_tag":[],"class_list":{"0":"post-6382","1":"product","2":"type-product","3":"status-publish","4":"has-post-thumbnail","6":"product_cat-galagar","7":"product_cat-masque-de-soudage","8":"product_cat-protection-soudage","9":"product_cat-securite-protection","10":"product_cat-soudage","12":"entry","13":"has-media","15":"first","16":"instock","17":"shipping-taxable","18":"product-type-simple","19":"has-product-nav","20":"col","21":"span_1_of_5","22":"owp-content-center","23":"owp-thumbs-layout-vertical","24":"owp-btn-big","25":"owp-tabs-layout-vertical","27":"circle-sale"},"_links":{"self":[{"href":"https:\/\/baobolt.com\/index.php\/wp-json\/wp\/v2\/product\/6382","targetHints":{"allow":["GET"]}}],"collection":[{"href":"https:\/\/baobolt.com\/index.php\/wp-json\/wp\/v2\/product"}],"about":[{"href":"https:\/\/baobolt.com\/index.php\/wp-json\/wp\/v2\/types\/product"}],"replies":[{"embeddable":true,"href":"https:\/\/baobolt.com\/index.php\/wp-json\/wp\/v2\/comments?post=6382"}],"version-history":[{"count":1,"href":"https:\/\/baobolt.com\/index.php\/wp-json\/wp\/v2\/product\/6382\/revisions"}],"predecessor-version":[{"id":6385,"href":"https:\/\/baobolt.com\/index.php\/wp-json\/wp\/v2\/product\/6382\/revisions\/6385"}],"wp:featuredmedia":[{"embeddable":true,"href":"https:\/\/baobolt.com\/index.php\/wp-json\/wp\/v2\/media\/6383"}],"wp:attachment":[{"href":"https:\/\/baobolt.com\/index.php\/wp-json\/wp\/v2\/media?parent=6382"}],"wp:term":[{"taxonomy":"product_brand","embeddable":true,"href":"https:\/\/baobolt.com\/index.php\/wp-json\/wp\/v2\/product_brand?post=6382"},{"taxonomy":"product_cat","embeddable":true,"href":"https:\/\/baobolt.com\/index.php\/wp-json\/wp\/v2\/product_cat?post=6382"},{"taxonomy":"product_tag","embeddable":true,"href":"https:\/\/baobolt.com\/index.php\/wp-json\/wp\/v2\/product_tag?post=6382"}],"curies":[{"name":"wp","href":"https:\/\/api.w.org\/{rel}","templated":true}]}}