{"id":6286,"date":"2023-12-30T17:28:21","date_gmt":"2023-12-30T16:28:21","guid":{"rendered":"https:\/\/baobolt.com\/?post_type=product&#038;p=6286"},"modified":"2024-01-07T22:54:06","modified_gmt":"2024-01-07T21:54:06","slug":"smart-200-mma","status":"publish","type":"product","link":"https:\/\/baobolt.com\/index.php\/produit\/smart-200-mma\/","title":{"rendered":"Smart 200 MMA"},"content":{"rendered":"<p>\u00c9quipement portable pour le soudage \u00e0 l\u2019\u00e9lectrode enrob\u00e9e MMA et TIG \u00e0 courant continu. Avec affichage num\u00e9rique. Technologie INVERTER<\/p>\n<p><strong>Principaux avantages :<\/strong><br \/>\n\u2013 Puissant, l\u00e9ger (4,7 kg) et tr\u00e8s peu encombrant<br \/>\n\u2013 Soudage MMA haute performance \u2013 \u00c9lectrodes jusqu\u2019\u00e0 \u00d8 4,0 mm.<br \/>\n\u2013 Soudage d\u2019\u00e9lectrodes normales E.6013 et d\u2019\u00e9lectrodes de base E-7018<br \/>\n\u2013 Fonctions Hot Start, Arc Force et Anti-Sticking<br \/>\n\u2013 TIG DC. Amor\u00e7age Lift-Arc avec chalumeau manuel \u00e0 soupape<br \/>\n\u2013 Affichage num\u00e9rique du courant de soudage r\u00e9gl\u00e9<br \/>\n\u2013 Connecteurs de soudage 16\/25 mm<\/p>\n<p><strong>Proc\u00e9d\u00e9s :\u00a0<\/strong>MMA \u2013 TIG DC Lift<br \/>\n<strong>\u00c9lectrodes :<\/strong>\u00a0Rutile \u2013 Basic \u2013 Inox \u2013 Sp\u00e9cial<br \/>\n<strong>Applications :<\/strong>\u00a0Charpenterie m\u00e9tallique \u2013 Entretien \u2013 R\u00e9parations<\/p>\n<p>La\u00a0<strong>mallette comprend :\u00a0<\/strong>le c\u00e2ble de la pince de terre, la pince d\u2019\u00e9lectrode avec le c\u00e2ble, la brosse m\u00e9tallique avec la pioche, le masque de protection des mains, la sangle de transport.<\/p>\n<p>R\u00e9f.<span class=\"awb-sku product_meta\"><span class=\"sku\">22300200MMAVI<\/span><\/span><\/p>\n","protected":false},"excerpt":{"rendered":"<table width=\"100%\">\n<thead>\n<tr>\n<th align=\"left\">Caract\u00e9ristiques<\/th>\n<th align=\"left\"><\/th>\n<\/tr>\n<\/thead>\n<tbody>\n<tr>\n<td>Tension d\u2019alimentation<\/td>\n<td>1 Ph 230V \u00b1 10 % \u2013 50\/60 Hz.<\/td>\n<\/tr>\n<tr>\n<td>Marge r\u00e9glementaire<\/td>\n<td>10 A \u00f7 200 A<\/td>\n<\/tr>\n<tr>\n<td>Facteur de marche MMA 40\u00baC<\/td>\n<td>200 A \/ 35 %<\/td>\n<\/tr>\n<tr>\n<td>Facteur de service TIG 40\u00baC<\/td>\n<td>200 A \/ 35 %<\/td>\n<\/tr>\n<tr>\n<td>Puissance maximale absorb\u00e9e<\/td>\n<td>9,2 Kva<\/td>\n<\/tr>\n<tr>\n<td>Tension \u00e0 vide<\/td>\n<td>65 V.<\/td>\n<\/tr>\n<tr>\n<td>Dimensions (largeur x hauteur x longueur)<\/td>\n<td>237 x 300 x 400 mm.<\/td>\n<\/tr>\n<tr>\n<td>Poids<\/td>\n<td>4.7 Kg.<\/td>\n<\/tr>\n<\/tbody>\n<\/table>\n","protected":false},"featured_media":6289,"comment_status":"open","ping_status":"closed","template":"","meta":{"_eb_attr":"","ocean_post_layout":"","ocean_both_sidebars_style":"","ocean_both_sidebars_content_width":0,"ocean_both_sidebars_sidebars_width":0,"ocean_sidebar":"0","ocean_second_sidebar":"0","ocean_disable_margins":"enable","ocean_add_body_class":"","ocean_shortcode_before_top_bar":"","ocean_shortcode_after_top_bar":"","ocean_shortcode_before_header":"","ocean_shortcode_after_header":"","ocean_has_shortcode":"","ocean_shortcode_after_title":"","ocean_shortcode_before_footer_widgets":"","ocean_shortcode_after_footer_widgets":"","ocean_shortcode_before_footer_bottom":"","ocean_shortcode_after_footer_bottom":"","ocean_display_top_bar":"default","ocean_display_header":"default","ocean_header_style":"","ocean_center_header_left_menu":"0","ocean_custom_header_template":"0","ocean_custom_logo":0,"ocean_custom_retina_logo":0,"ocean_custom_logo_max_width":0,"ocean_custom_logo_tablet_max_width":0,"ocean_custom_logo_mobile_max_width":0,"ocean_custom_logo_max_height":0,"ocean_custom_logo_tablet_max_height":0,"ocean_custom_logo_mobile_max_height":0,"ocean_header_custom_menu":"0","ocean_menu_typo_font_family":"0","ocean_menu_typo_font_subset":"","ocean_menu_typo_font_size":0,"ocean_menu_typo_font_size_tablet":0,"ocean_menu_typo_font_size_mobile":0,"ocean_menu_typo_font_size_unit":"px","ocean_menu_typo_font_weight":"","ocean_menu_typo_font_weight_tablet":"","ocean_menu_typo_font_weight_mobile":"","ocean_menu_typo_transform":"","ocean_menu_typo_transform_tablet":"","ocean_menu_typo_transform_mobile":"","ocean_menu_typo_line_height":0,"ocean_menu_typo_line_height_tablet":0,"ocean_menu_typo_line_height_mobile":0,"ocean_menu_typo_line_height_unit":"","ocean_menu_typo_spacing":0,"ocean_menu_typo_spacing_tablet":0,"ocean_menu_typo_spacing_mobile":0,"ocean_menu_typo_spacing_unit":"","ocean_menu_link_color":"","ocean_menu_link_color_hover":"","ocean_menu_link_color_active":"","ocean_menu_link_background":"","ocean_menu_link_hover_background":"","ocean_menu_link_active_background":"","ocean_menu_social_links_bg":"","ocean_menu_social_hover_links_bg":"","ocean_menu_social_links_color":"","ocean_menu_social_hover_links_color":"","ocean_disable_title":"default","ocean_disable_heading":"default","ocean_post_title":"","ocean_post_subheading":"","ocean_post_title_style":"","ocean_post_title_background_color":"","ocean_post_title_background":0,"ocean_post_title_bg_image_position":"","ocean_post_title_bg_image_attachment":"","ocean_post_title_bg_image_repeat":"","ocean_post_title_bg_image_size":"","ocean_post_title_height":0,"ocean_post_title_bg_overlay":0.5,"ocean_post_title_bg_overlay_color":"","ocean_disable_breadcrumbs":"default","ocean_breadcrumbs_color":"","ocean_breadcrumbs_separator_color":"","ocean_breadcrumbs_links_color":"","ocean_breadcrumbs_links_hover_color":"","ocean_display_footer_widgets":"default","ocean_display_footer_bottom":"default","ocean_custom_footer_template":"0"},"product_brand":[],"product_cat":[51,67],"product_tag":[],"class_list":{"0":"post-6286","1":"product","2":"type-product","3":"status-publish","4":"has-post-thumbnail","6":"product_cat-galagar","7":"product_cat-mma-machine","9":"entry","10":"has-media","12":"first","13":"instock","14":"shipping-taxable","15":"product-type-simple","16":"has-product-nav","17":"col","18":"span_1_of_5","19":"owp-content-center","20":"owp-thumbs-layout-vertical","21":"owp-btn-big","22":"owp-tabs-layout-vertical","24":"circle-sale"},"_links":{"self":[{"href":"https:\/\/baobolt.com\/index.php\/wp-json\/wp\/v2\/product\/6286","targetHints":{"allow":["GET"]}}],"collection":[{"href":"https:\/\/baobolt.com\/index.php\/wp-json\/wp\/v2\/product"}],"about":[{"href":"https:\/\/baobolt.com\/index.php\/wp-json\/wp\/v2\/types\/product"}],"replies":[{"embeddable":true,"href":"https:\/\/baobolt.com\/index.php\/wp-json\/wp\/v2\/comments?post=6286"}],"version-history":[{"count":2,"href":"https:\/\/baobolt.com\/index.php\/wp-json\/wp\/v2\/product\/6286\/revisions"}],"predecessor-version":[{"id":6290,"href":"https:\/\/baobolt.com\/index.php\/wp-json\/wp\/v2\/product\/6286\/revisions\/6290"}],"wp:featuredmedia":[{"embeddable":true,"href":"https:\/\/baobolt.com\/index.php\/wp-json\/wp\/v2\/media\/6289"}],"wp:attachment":[{"href":"https:\/\/baobolt.com\/index.php\/wp-json\/wp\/v2\/media?parent=6286"}],"wp:term":[{"taxonomy":"product_brand","embeddable":true,"href":"https:\/\/baobolt.com\/index.php\/wp-json\/wp\/v2\/product_brand?post=6286"},{"taxonomy":"product_cat","embeddable":true,"href":"https:\/\/baobolt.com\/index.php\/wp-json\/wp\/v2\/product_cat?post=6286"},{"taxonomy":"product_tag","embeddable":true,"href":"https:\/\/baobolt.com\/index.php\/wp-json\/wp\/v2\/product_tag?post=6286"}],"curies":[{"name":"wp","href":"https:\/\/api.w.org\/{rel}","templated":true}]}}