{"id":6114,"date":"2023-12-19T01:30:37","date_gmt":"2023-12-19T00:30:37","guid":{"rendered":"https:\/\/baobolt.com\/?post_type=product&#038;p=6114"},"modified":"2024-02-25T17:23:26","modified_gmt":"2024-02-25T16:23:26","slug":"uranos-2000-smc","status":"publish","type":"product","link":"https:\/\/baobolt.com\/index.php\/produit\/uranos-2000-smc\/","title":{"rendered":"URANOS 2000 SMC"},"content":{"rendered":"<article class=\"col-md-60\">\n<div id=\"centercontainer\">\n<article class=\"product\">\n<section class=\"header\">\n<div class=\"copy large\">\n<div class=\"heading content-heading panel\">\n<h3><a class=\"\" href=\"https:\/\/www.voestalpine.com\/welding\/global-en\/products\/product-search\/uranos-2000-smc\/#collapse-accordion-nested-face8a1e-81ca-11ed-bf46-005056a16e17-0\" data-toggle=\"collapse\" data-tracking-command=\"accordionExpandClick\" aria-expanded=\"true\">Fiche de donn\u00e9es<\/a><\/h3>\n<\/div>\n<div class=\"copy\">\n<div class=\"table-wrapper\">\n<table style=\"height: 902px;\" width=\"844\">\n<thead>\n<tr>\n<th class=\"hover\" colspan=\"2\"><strong>G\u00e9n\u00e9ral<\/strong><\/th>\n<\/tr>\n<\/thead>\n<tbody>\n<tr>\n<td class=\"hover\"><strong>Proc\u00e9d\u00e9s de soudage<\/strong><\/td>\n<td class=\"\">MIG\/MAG &#8211; MMA &#8211; TIG DC Ascenseur<\/td>\n<\/tr>\n<tr>\n<td class=\"hover\"><strong>Mat\u00e9riaux<\/strong><\/td>\n<td class=\"\">Aciers au carbone &#8211; Aciers inoxydables &#8211; Aluminium<\/td>\n<\/tr>\n<tr>\n<td class=\"hover\"><strong>Dimensions<\/strong><\/td>\n<td class=\"\">485x210x400mm<\/td>\n<\/tr>\n<tr>\n<td class=\"hover\"><strong>Poids<\/strong><\/td>\n<td class=\"\">12,8 kg<\/td>\n<\/tr>\n<tr>\n<th class=\"hover\" colspan=\"2\"><strong>Source de courant<\/strong><\/th>\n<\/tr>\n<tr>\n<td class=\"hover\"><strong>Tension (50\/60 Hz)<\/strong><\/td>\n<td class=\"\">1x230Vac\u00b115%<\/td>\n<\/tr>\n<tr>\n<td class=\"hover\"><strong>Puissance d&rsquo;entr\u00e9e maximale<\/strong><\/td>\n<td class=\"\">5,7 kVA<\/td>\n<\/tr>\n<tr>\n<td class=\"hover\"><strong>Courant d&rsquo;entr\u00e9e maximal<\/strong><\/td>\n<td class=\"\">24,7A<\/td>\n<\/tr>\n<tr>\n<td class=\"hover\"><strong>Facteur de puissance PF<\/strong><\/td>\n<td class=\"\">1<\/td>\n<\/tr>\n<tr>\n<td class=\"hover\"><strong>Efficacit\u00e9<\/strong><\/td>\n<td class=\"\">85%<\/td>\n<\/tr>\n<tr>\n<td class=\"hover\"><strong>Fusible de ligne \u00e0 fusion lente<\/strong><\/td>\n<td class=\"\">25A<\/td>\n<\/tr>\n<tr>\n<td class=\"hover\"><strong>Tension en circuit ouvert<\/strong><\/td>\n<td class=\"\">58 Vcc<\/td>\n<\/tr>\n<tr>\n<td class=\"hover\"><strong>Taux de protection IP<\/strong><\/td>\n<td class=\"\">\u00a0IP23S<\/td>\n<\/tr>\n<tr>\n<td class=\"hover\"><strong>Classe d&rsquo;isolation<\/strong><\/td>\n<td class=\"\">H<\/td>\n<\/tr>\n<tr>\n<td class=\"hover\"><strong>C\u00e2ble d&rsquo;alimentation<\/strong><\/td>\n<td class=\"\">3&#215;2,5 mm2 &#8211; 2 m<\/td>\n<\/tr>\n<tr>\n<th class=\"hover\" colspan=\"2\"><strong>Soudage<\/strong><\/th>\n<\/tr>\n<tr>\n<td class=\"hover\"><strong>Gamme de r\u00e9glage<\/strong><\/td>\n<td class=\"\">5A-200A<\/td>\n<\/tr>\n<tr>\n<td class=\"hover\"><strong>Cycle de service<\/strong><br \/>\n<strong>MIG\/MAG &#8211; 40\u00a0\u00b0C<\/strong><\/td>\n<td class=\"\">35% &#8211; 200A<br \/>\n60% &#8211; 160A<br \/>\n100% &#8211; 130A<\/td>\n<\/tr>\n<tr>\n<td class=\"hover\">\n<div><strong>Cycle de service <\/strong><strong style=\"font-family: inherit; font-size: inherit;\">MIG\/MAG &#8211; 25 \u00b0C<\/strong><\/div>\n<\/td>\n<td class=\"\">100% &#8211; 220A<\/td>\n<\/tr>\n<tr>\n<td class=\"hover\"><strong>\u00d8 Diam\u00e8tre du fil<\/strong><\/td>\n<td class=\"\">0,8 -1,0 mm (opz 0,6-1,0)<\/td>\n<\/tr>\n<tr>\n<td class=\"hover\"><strong>\u00d8 Fil fourr\u00e9<\/strong><\/td>\n<td class=\"\">0,9 -1,2 mm<\/td>\n<\/tr>\n<tr>\n<td class=\"hover\"><strong>\u00d8 Fil d&rsquo;aluminium<\/strong><\/td>\n<td class=\"\">0,8 -1,0 mm<\/td>\n<\/tr>\n<tr>\n<td class=\"hover\"><strong>Vitesse du fil<\/strong><\/td>\n<td class=\"\">0,5 &#8211; 16 m\/min<\/td>\n<\/tr>\n<tr>\n<td class=\"hover\"><strong>N\u00b0 de rouleaux<\/strong><\/td>\n<td class=\"\">2<\/td>\n<\/tr>\n<tr>\n<td class=\"hover\"><strong>Diam\u00e8tre de la bobine de fil<\/strong><\/td>\n<td class=\"\">\u00d8 200mm<\/td>\n<\/tr>\n<tr>\n<td class=\"hover\"><strong>Programme synergique<\/strong><\/td>\n<td class=\"\">19<\/td>\n<\/tr>\n<tr>\n<td class=\"hover\"><strong>Emplacement m\u00e9moire du programme de soudage<\/strong><\/td>\n<td class=\"\">8<\/td>\n<\/tr>\n<\/tbody>\n<\/table>\n<\/div>\n<\/div>\n<\/div>\n<\/section>\n<\/article>\n<\/div>\n<\/article>\n<article class=\"col-md-48 content-hasContext\">\n<div id=\"centercontainerDetail\">\n<div class=\"row layoutrow\">\n<div class=\"col-xxs-60 col-sm-30\">\n<div class=\"inner-container\">\n<section>\n<div class=\"content\">\n<div id=\"collapse-accordion-nested-face8a1e-81ca-11ed-bf46-005056a16e17-1\" class=\"content collapse in\" aria-expanded=\"true\">\n<div class=\"copy\">\n<div class=\"content\">\n<div class=\"copy\">\n<div class=\"table-wrapper\"><\/div>\n<\/div>\n<\/div>\n<\/div>\n<\/div>\n<\/div>\n<\/section>\n<\/div>\n<\/div>\n<\/div>\n<\/div>\n<\/article>\n","protected":false},"excerpt":{"rendered":"<ul>\n<li><strong>MIG\/MAG-MMA<\/strong><\/li>\n<li><strong>Monophas\u00e9 1x230V<\/strong><\/li>\n<li><strong>greenWave<sup>\u00ae<\/sup>\u00a0technologie d&rsquo;onduleur<\/strong><\/li>\n<li><strong>D\u00e9vidoir de fil int\u00e9gr\u00e9<\/strong><\/li>\n<li><strong>couleur\u00a0\u00a1Panneau d&rsquo;affichage<\/strong><\/li>\n<\/ul>\n<h2>Les clients l&rsquo;appr\u00e9cient parce que\u00a0:<\/h2>\n<div class=\"content\">\n<figure class=\"full\"><img decoding=\"async\" class=\"img-responsive no-border\" src=\"https:\/\/cdnstorevoestalpine.blob.core.windows.net\/image-container\/923285\/Open_CMS_Lightbox\/230V_supply+lightweight+spool_EN.jpg\" alt=\"\" \/><\/figure>\n<\/div>\n","protected":false},"featured_media":7863,"comment_status":"open","ping_status":"closed","template":"","meta":{"_eb_attr":"","ocean_post_layout":"","ocean_both_sidebars_style":"","ocean_both_sidebars_content_width":0,"ocean_both_sidebars_sidebars_width":0,"ocean_sidebar":"0","ocean_second_sidebar":"0","ocean_disable_margins":"enable","ocean_add_body_class":"","ocean_shortcode_before_top_bar":"","ocean_shortcode_after_top_bar":"","ocean_shortcode_before_header":"","ocean_shortcode_after_header":"","ocean_has_shortcode":"","ocean_shortcode_after_title":"","ocean_shortcode_before_footer_widgets":"","ocean_shortcode_after_footer_widgets":"","ocean_shortcode_before_footer_bottom":"","ocean_shortcode_after_footer_bottom":"","ocean_display_top_bar":"default","ocean_display_header":"default","ocean_header_style":"","ocean_center_header_left_menu":"0","ocean_custom_header_template":"0","ocean_custom_logo":0,"ocean_custom_retina_logo":0,"ocean_custom_logo_max_width":0,"ocean_custom_logo_tablet_max_width":0,"ocean_custom_logo_mobile_max_width":0,"ocean_custom_logo_max_height":0,"ocean_custom_logo_tablet_max_height":0,"ocean_custom_logo_mobile_max_height":0,"ocean_header_custom_menu":"0","ocean_menu_typo_font_family":"0","ocean_menu_typo_font_subset":"","ocean_menu_typo_font_size":0,"ocean_menu_typo_font_size_tablet":0,"ocean_menu_typo_font_size_mobile":0,"ocean_menu_typo_font_size_unit":"px","ocean_menu_typo_font_weight":"","ocean_menu_typo_font_weight_tablet":"","ocean_menu_typo_font_weight_mobile":"","ocean_menu_typo_transform":"","ocean_menu_typo_transform_tablet":"","ocean_menu_typo_transform_mobile":"","ocean_menu_typo_line_height":0,"ocean_menu_typo_line_height_tablet":0,"ocean_menu_typo_line_height_mobile":0,"ocean_menu_typo_line_height_unit":"","ocean_menu_typo_spacing":0,"ocean_menu_typo_spacing_tablet":0,"ocean_menu_typo_spacing_mobile":0,"ocean_menu_typo_spacing_unit":"","ocean_menu_link_color":"","ocean_menu_link_color_hover":"","ocean_menu_link_color_active":"","ocean_menu_link_background":"","ocean_menu_link_hover_background":"","ocean_menu_link_active_background":"","ocean_menu_social_links_bg":"","ocean_menu_social_hover_links_bg":"","ocean_menu_social_links_color":"","ocean_menu_social_hover_links_color":"","ocean_disable_title":"default","ocean_disable_heading":"default","ocean_post_title":"","ocean_post_subheading":"","ocean_post_title_style":"","ocean_post_title_background_color":"","ocean_post_title_background":0,"ocean_post_title_bg_image_position":"","ocean_post_title_bg_image_attachment":"","ocean_post_title_bg_image_repeat":"","ocean_post_title_bg_image_size":"","ocean_post_title_height":0,"ocean_post_title_bg_overlay":0.5,"ocean_post_title_bg_overlay_color":"","ocean_disable_breadcrumbs":"default","ocean_breadcrumbs_color":"","ocean_breadcrumbs_separator_color":"","ocean_breadcrumbs_links_color":"","ocean_breadcrumbs_links_hover_color":"","ocean_display_footer_widgets":"default","ocean_display_footer_bottom":"default","ocean_custom_footer_template":"0"},"product_brand":[],"product_cat":[53,65],"product_tag":[],"class_list":{"0":"post-6114","1":"product","2":"type-product","3":"status-publish","4":"has-post-thumbnail","6":"product_cat-bohler-welding","7":"product_cat-migmag","9":"entry","10":"has-media","12":"first","13":"instock","14":"shipping-taxable","15":"product-type-simple","16":"has-product-nav","17":"col","18":"span_1_of_5","19":"owp-content-center","20":"owp-thumbs-layout-vertical","21":"owp-btn-big","22":"owp-tabs-layout-vertical","23":"has-no-thumbnails","25":"circle-sale"},"_links":{"self":[{"href":"https:\/\/baobolt.com\/index.php\/wp-json\/wp\/v2\/product\/6114","targetHints":{"allow":["GET"]}}],"collection":[{"href":"https:\/\/baobolt.com\/index.php\/wp-json\/wp\/v2\/product"}],"about":[{"href":"https:\/\/baobolt.com\/index.php\/wp-json\/wp\/v2\/types\/product"}],"replies":[{"embeddable":true,"href":"https:\/\/baobolt.com\/index.php\/wp-json\/wp\/v2\/comments?post=6114"}],"version-history":[{"count":7,"href":"https:\/\/baobolt.com\/index.php\/wp-json\/wp\/v2\/product\/6114\/revisions"}],"predecessor-version":[{"id":6125,"href":"https:\/\/baobolt.com\/index.php\/wp-json\/wp\/v2\/product\/6114\/revisions\/6125"}],"wp:featuredmedia":[{"embeddable":true,"href":"https:\/\/baobolt.com\/index.php\/wp-json\/wp\/v2\/media\/7863"}],"wp:attachment":[{"href":"https:\/\/baobolt.com\/index.php\/wp-json\/wp\/v2\/media?parent=6114"}],"wp:term":[{"taxonomy":"product_brand","embeddable":true,"href":"https:\/\/baobolt.com\/index.php\/wp-json\/wp\/v2\/product_brand?post=6114"},{"taxonomy":"product_cat","embeddable":true,"href":"https:\/\/baobolt.com\/index.php\/wp-json\/wp\/v2\/product_cat?post=6114"},{"taxonomy":"product_tag","embeddable":true,"href":"https:\/\/baobolt.com\/index.php\/wp-json\/wp\/v2\/product_tag?post=6114"}],"curies":[{"name":"wp","href":"https:\/\/api.w.org\/{rel}","templated":true}]}}