{"id":1290,"date":"2021-12-22T14:27:24","date_gmt":"2021-12-22T14:27:24","guid":{"rendered":"https:\/\/baobolt.com\/index.php\/contact-us\/"},"modified":"2021-12-22T14:27:24","modified_gmt":"2021-12-22T14:27:24","slug":"contact-us","status":"publish","type":"page","link":"https:\/\/baobolt.com\/index.php\/contact-us\/","title":{"rendered":"Contact us"},"content":{"rendered":"<style>\/*! elementor - v3.5.1 - 20-12-2021 *\/\n@media (min-width:768px){.elementor-widget-icon-box.elementor-position-left .elementor-icon-box-wrapper,.elementor-widget-icon-box.elementor-position-right .elementor-icon-box-wrapper{display:-webkit-box;display:-ms-flexbox;display:flex}.elementor-widget-icon-box.elementor-position-left .elementor-icon-box-icon,.elementor-widget-icon-box.elementor-position-right .elementor-icon-box-icon{display:-webkit-inline-box;display:-ms-inline-flexbox;display:inline-flex;-webkit-box-flex:0;-ms-flex:0 0 auto;flex:0 0 auto}.elementor-widget-icon-box.elementor-position-right .elementor-icon-box-wrapper{text-align:right;-webkit-box-orient:horizontal;-webkit-box-direction:reverse;-ms-flex-direction:row-reverse;flex-direction:row-reverse}.elementor-widget-icon-box.elementor-position-left .elementor-icon-box-wrapper{text-align:left;-webkit-box-orient:horizontal;-webkit-box-direction:normal;-ms-flex-direction:row;flex-direction:row}.elementor-widget-icon-box.elementor-position-top .elementor-icon-box-img{margin:auto}.elementor-widget-icon-box.elementor-vertical-align-top .elementor-icon-box-wrapper{-webkit-box-align:start;-ms-flex-align:start;align-items:flex-start}.elementor-widget-icon-box.elementor-vertical-align-middle .elementor-icon-box-wrapper{-webkit-box-align:center;-ms-flex-align:center;align-items:center}.elementor-widget-icon-box.elementor-vertical-align-bottom .elementor-icon-box-wrapper{-webkit-box-align:end;-ms-flex-align:end;align-items:flex-end}}@media (max-width:767px){.elementor-widget-icon-box .elementor-icon-box-icon{margin-left:auto!important;margin-right:auto!important;margin-bottom:15px}}.elementor-widget-icon-box .elementor-icon-box-wrapper{text-align:center}.elementor-widget-icon-box .elementor-icon-box-title a{color:inherit}.elementor-widget-icon-box .elementor-icon-box-content{-webkit-box-flex:1;-ms-flex-positive:1;flex-grow:1}.elementor-widget-icon-box .elementor-icon-box-description{margin:0}<\/style>\n<h3>\n\t\t\t\t\t\tPhysical Address\u200b<br \/>\n\t\t\t\t<\/h3>\n<p>\n\t\t\t\t\t\t304 North Cardinal St. <br \/>\nDorchester Center, MA 02124\t\t\t\t\t<\/p>\n<h3>\n\t\t\t\t\t\tEmail Address<br \/>\n\t\t\t\t<\/h3>\n<p>\n\t\t\t\t\t\tinfo@company.com <br \/>\ncontact@company.com\t\t\t\t\t<\/p>\n<h3>\n\t\t\t\t\t\tPhone Numbers<br \/>\n\t\t\t\t<\/h3>\n<p>\n\t\t\t\t\t\t1-555-123-4567 <br \/>\n1-800-123-4567\t\t\t\t\t<\/p>\n<style>\/*! elementor - v3.5.1 - 20-12-2021 *\/\n.elementor-heading-title{padding:0;margin:0;line-height:1}.elementor-widget-heading .elementor-heading-title[class*=elementor-size-]>a{color:inherit;font-size:inherit;line-height:inherit}.elementor-widget-heading .elementor-heading-title.elementor-size-small{font-size:15px}.elementor-widget-heading .elementor-heading-title.elementor-size-medium{font-size:19px}.elementor-widget-heading .elementor-heading-title.elementor-size-large{font-size:29px}.elementor-widget-heading .elementor-heading-title.elementor-size-xl{font-size:39px}.elementor-widget-heading .elementor-heading-title.elementor-size-xxl{font-size:59px}<\/style>\n<h2>Send us a message<\/h2>\n<div class=\"wpforms-container wpforms-render-modern\" id=\"wpforms-246\"><form id=\"wpforms-form-246\" class=\"wpforms-validate wpforms-form\" data-formid=\"246\" method=\"post\" enctype=\"multipart\/form-data\" action=\"\/index.php\/wp-json\/wp\/v2\/pages\/1290\" data-token=\"b56c2edbc18ab0f809669d243c7960ff\" data-token-time=\"1777474573\"><noscript class=\"wpforms-error-noscript\">Veuillez activer JavaScript dans votre navigateur pour remplir ce formulaire.<\/noscript><div id=\"wpforms-error-noscript\" style=\"display: none;\">Veuillez activer JavaScript dans votre navigateur pour remplir ce formulaire.<\/div><div class=\"wpforms-field-container\"><div id=\"wpforms-246-field_0-container\" class=\"wpforms-field wpforms-field-name\" data-field-id=\"0\"><label class=\"wpforms-field-label wpforms-label-hide\" for=\"wpforms-246-field_0\" aria-hidden=\"false\">Name <span class=\"wpforms-required-label\" aria-hidden=\"true\">*<\/span><\/label><input type=\"text\" id=\"wpforms-246-field_0\" class=\"wpforms-field-large wpforms-field-required\" name=\"wpforms[fields][0]\" placeholder=\"Name *\" aria-errormessage=\"wpforms-246-field_0-error\" required><\/div><div id=\"wpforms-246-field_1-container\" class=\"wpforms-field wpforms-field-email\" data-field-id=\"1\"><label class=\"wpforms-field-label wpforms-label-hide\" for=\"wpforms-246-field_1\" aria-hidden=\"false\">Email <span class=\"wpforms-required-label\" aria-hidden=\"true\">*<\/span><\/label><input type=\"email\" id=\"wpforms-246-field_1\" class=\"wpforms-field-large wpforms-field-required\" name=\"wpforms[fields][1]\" placeholder=\"Email Address *\" spellcheck=\"false\" aria-errormessage=\"wpforms-246-field_1-error\" required><\/div><div id=\"wpforms-246-field_3-container\" class=\"wpforms-field wpforms-field-text\" data-field-id=\"3\"><label class=\"wpforms-field-label wpforms-label-hide\" for=\"wpforms-246-field_3\" aria-hidden=\"false\">Subject<\/label><input type=\"text\" id=\"wpforms-246-field_3\" class=\"wpforms-field-large\" name=\"wpforms[fields][3]\" placeholder=\"Subject\" aria-errormessage=\"wpforms-246-field_3-error\" ><\/div><div id=\"wpforms-246-field_2-container\" class=\"wpforms-field wpforms-field-textarea\" data-field-id=\"2\"><label class=\"wpforms-field-label wpforms-label-hide\" for=\"wpforms-246-field_2\" aria-hidden=\"false\">Comment or Message <span class=\"wpforms-required-label\" aria-hidden=\"true\">*<\/span><\/label><textarea id=\"wpforms-246-field_2\" class=\"wpforms-field-medium wpforms-field-required\" name=\"wpforms[fields][2]\" placeholder=\"Comment or Message *\" aria-errormessage=\"wpforms-246-field_2-error\" required><\/textarea><\/div><\/div><!-- .wpforms-field-container --><div class=\"wpforms-submit-container\" ><input type=\"hidden\" name=\"wpforms[id]\" value=\"246\"><input type=\"hidden\" name=\"page_title\" value=\"\"><input type=\"hidden\" name=\"page_url\" value=\"https:\/\/baobolt.com\/index.php\/wp-json\/wp\/v2\/pages\/1290\"><input type=\"hidden\" name=\"url_referer\" value=\"\"><button type=\"submit\" name=\"wpforms[submit]\" id=\"wpforms-submit-246\" class=\"wpforms-submit\" data-alt-text=\"Sending...\" data-submit-text=\"Send Message\" aria-live=\"assertive\" value=\"wpforms-submit\">Send Message<\/button><\/div><\/form><\/div>  <!-- .wpforms-container -->\n<h2>Trending Now<\/h2>\n<p>\t\t\t<a href=\"#\" role=\"button\"><br \/>\n\t\t\t\t\t\tBrowse Shop<br \/>\n\t\t\t\t\t<\/a><br \/>\n\t\t<div class=\"woocommerce columns-4 \">\r\n<ul class=\"products oceanwp-row clr grid mobile-col mobile-2-col\">\r\n<li class=\"entry has-media has-rating has-product-nav col span_1_of_4 owp-content-center owp-thumbs-layout-vertical owp-btn-big owp-tabs-layout-vertical has-no-thumbnails circle-sale product type-product post-589 status-publish first instock product_cat-fronius has-post-thumbnail shipping-taxable purchasable product-type-simple\">\n\t<div class=\"product-inner clr\"><ul class=\"woo-entry-inner clr\"><li class=\"image-wrap\">\n\t<div class=\"woo-entry-image clr\">\n\t\t<a href=\"https:\/\/baobolt.com\/index.php\/produit\/modern-sofa\/\" class=\"woocommerce-LoopProduct-link\"><img fetchpriority=\"high\" decoding=\"async\" width=\"300\" height=\"300\" src=\"https:\/\/baobolt.com\/wp-content\/uploads\/2021\/04\/sofa-2@2x-300x300.jpg\" class=\"woo-entry-image-main\" alt=\"Modern Sofa\" itemprop=\"image\" srcset=\"https:\/\/baobolt.com\/wp-content\/uploads\/2021\/04\/sofa-2@2x-300x300.jpg 300w, https:\/\/baobolt.com\/wp-content\/uploads\/2021\/04\/sofa-2@2x-100x100.jpg 100w, https:\/\/baobolt.com\/wp-content\/uploads\/2021\/04\/sofa-2@2x-150x150.jpg 150w\" sizes=\"(max-width: 300px) 100vw, 300px\" title=\"Contact us\"><\/a>\t<\/div><!-- .woo-entry-image -->\n\n\t<a href=\"\/index.php\/wp-json\/wp\/v2\/pages\/1290?add-to-cart=589\" aria-describedby=\"woocommerce_loop_add_to_cart_link_describedby_589\" data-quantity=\"1\" class=\"button product_type_simple add_to_cart_button ajax_add_to_cart\" data-product_id=\"589\" data-product_sku=\"\" aria-label=\"Ajouter au panier\u00a0: &ldquo;Modern Sofa&rdquo;\" rel=\"nofollow\" data-success_message=\"\u00ab\u00a0Modern Sofa\u00a0\u00bb a \u00e9t\u00e9 ajout\u00e9 \u00e0 votre panier\" role=\"button\">Ajouter au panier<\/a>\t<span id=\"woocommerce_loop_add_to_cart_link_describedby_589\" class=\"screen-reader-text\">\n\t\t\t<\/span>\n<\/li><ul class=\"woo-product-info\"><li class=\"category\"><a href=\"https:\/\/baobolt.com\/index.php\/categorie-produit\/fronius\/\" rel=\"tag\">Fronius<\/a><\/li><li class=\"title\"><h2><a href=\"https:\/\/baobolt.com\/index.php\/produit\/modern-sofa\/\">Modern Sofa<\/a><\/h2><\/li><li class=\"price-wrap\">\n\t<span class=\"price\"><span class=\"woocommerce-Price-amount amount\"><bdi><span class=\"woocommerce-Price-currencySymbol\">&#x62f;.&#x645;.<\/span>&nbsp;140,00<\/bdi><\/span><\/span>\n<\/li><li class=\"rating\"><div class=\"star-rating\" role=\"img\" aria-label=\"Note 5.00 sur 5\"><span style=\"width:100%\">Note <strong class=\"rating\">5.00<\/strong> sur 5<\/span><\/div><\/li><\/ul>\r\n<ul class=\"woo-product-gallery\">\r\n\r\n\t\r\n\t\r\n\t\t<li class=\"active\">\r\n\t\t\t<a href=\"https:\/\/baobolt.com\/wp-content\/uploads\/2021\/04\/sofa-2@2x-300x300.jpg\" class=\"woo-product-gallery-link no-lightbox\">\r\n\t\t\t\t<img decoding=\"async\" width=\"300\" height=\"300\" src=\"https:\/\/baobolt.com\/wp-content\/uploads\/2021\/04\/sofa-2@2x-300x300.jpg\" class=\"attachment-woocommerce_thumbnail size-woocommerce_thumbnail\" alt=\"Modern Sofa\" itemprop=\"image\" srcset=\"https:\/\/baobolt.com\/wp-content\/uploads\/2021\/04\/sofa-2@2x-300x300.jpg 300w, https:\/\/baobolt.com\/wp-content\/uploads\/2021\/04\/sofa-2@2x-100x100.jpg 100w, https:\/\/baobolt.com\/wp-content\/uploads\/2021\/04\/sofa-2@2x-150x150.jpg 150w\" sizes=\"(max-width: 300px) 100vw, 300px\" title=\"Contact us\">\t\t\t<\/a>\r\n\t\t<\/li>\r\n\r\n\t\t\r\n\t\r\n<\/ul>\r\n<\/ul><\/div><!-- .product-inner .clr --><\/li>\n<li class=\"entry has-media has-rating has-product-nav col span_1_of_4 owp-content-center owp-thumbs-layout-vertical owp-btn-big owp-tabs-layout-vertical has-no-thumbnails circle-sale product type-product post-88 status-publish instock product_cat-fronius has-post-thumbnail shipping-taxable purchasable product-type-simple\">\n\t<div class=\"product-inner clr\"><ul class=\"woo-entry-inner clr\"><li class=\"image-wrap\">\n\t<div class=\"woo-entry-image clr\">\n\t\t<a href=\"https:\/\/baobolt.com\/index.php\/produit\/modern-chair\/\" class=\"woocommerce-LoopProduct-link\"><img decoding=\"async\" width=\"300\" height=\"300\" src=\"https:\/\/baobolt.com\/wp-content\/uploads\/2021\/04\/chair-2@2x-300x300.jpg\" class=\"woo-entry-image-main\" alt=\"Modern chair\" itemprop=\"image\" srcset=\"https:\/\/baobolt.com\/wp-content\/uploads\/2021\/04\/chair-2@2x-300x300.jpg 300w, https:\/\/baobolt.com\/wp-content\/uploads\/2021\/04\/chair-2@2x-100x100.jpg 100w, https:\/\/baobolt.com\/wp-content\/uploads\/2021\/04\/chair-2@2x-150x150.jpg 150w\" sizes=\"(max-width: 300px) 100vw, 300px\" title=\"Contact us\"><\/a>\t<\/div><!-- .woo-entry-image -->\n\n\t<a href=\"\/index.php\/wp-json\/wp\/v2\/pages\/1290?add-to-cart=88\" aria-describedby=\"woocommerce_loop_add_to_cart_link_describedby_88\" data-quantity=\"1\" class=\"button product_type_simple add_to_cart_button ajax_add_to_cart\" data-product_id=\"88\" data-product_sku=\"\" aria-label=\"Ajouter au panier\u00a0: &ldquo;Modern chair&rdquo;\" rel=\"nofollow\" data-success_message=\"\u00ab\u00a0Modern chair\u00a0\u00bb a \u00e9t\u00e9 ajout\u00e9 \u00e0 votre panier\" role=\"button\">Ajouter au panier<\/a>\t<span id=\"woocommerce_loop_add_to_cart_link_describedby_88\" class=\"screen-reader-text\">\n\t\t\t<\/span>\n<\/li><ul class=\"woo-product-info\"><li class=\"category\"><a href=\"https:\/\/baobolt.com\/index.php\/categorie-produit\/fronius\/\" rel=\"tag\">Fronius<\/a><\/li><li class=\"title\"><h2><a href=\"https:\/\/baobolt.com\/index.php\/produit\/modern-chair\/\">Modern chair<\/a><\/h2><\/li><li class=\"price-wrap\">\n\t<span class=\"price\"><span class=\"woocommerce-Price-amount amount\"><bdi><span class=\"woocommerce-Price-currencySymbol\">&#x62f;.&#x645;.<\/span>&nbsp;80,00<\/bdi><\/span><\/span>\n<\/li><li class=\"rating\"><div class=\"star-rating\" role=\"img\" aria-label=\"Note 5.00 sur 5\"><span style=\"width:100%\">Note <strong class=\"rating\">5.00<\/strong> sur 5<\/span><\/div><\/li><\/ul>\r\n<ul class=\"woo-product-gallery\">\r\n\r\n\t\r\n\t\r\n\t\t<li class=\"active\">\r\n\t\t\t<a href=\"https:\/\/baobolt.com\/wp-content\/uploads\/2021\/04\/chair-2@2x-300x300.jpg\" class=\"woo-product-gallery-link no-lightbox\">\r\n\t\t\t\t<img loading=\"lazy\" decoding=\"async\" width=\"300\" height=\"300\" src=\"https:\/\/baobolt.com\/wp-content\/uploads\/2021\/04\/chair-2@2x-300x300.jpg\" class=\"attachment-woocommerce_thumbnail size-woocommerce_thumbnail\" alt=\"Modern chair\" itemprop=\"image\" srcset=\"https:\/\/baobolt.com\/wp-content\/uploads\/2021\/04\/chair-2@2x-300x300.jpg 300w, https:\/\/baobolt.com\/wp-content\/uploads\/2021\/04\/chair-2@2x-100x100.jpg 100w, https:\/\/baobolt.com\/wp-content\/uploads\/2021\/04\/chair-2@2x-150x150.jpg 150w\" sizes=\"(max-width: 300px) 100vw, 300px\" title=\"Contact us\">\t\t\t<\/a>\r\n\t\t<\/li>\r\n\r\n\t\t\r\n\t\r\n<\/ul>\r\n<\/ul><\/div><!-- .product-inner .clr --><\/li>\n<li class=\"entry has-media has-rating has-product-nav col span_1_of_4 owp-content-center owp-thumbs-layout-vertical owp-btn-big owp-tabs-layout-vertical has-no-thumbnails circle-sale product type-product post-596 status-publish instock product_cat-fronius has-post-thumbnail sale shipping-taxable purchasable product-type-simple\">\n\t<div class=\"product-inner clr\"><ul class=\"woo-entry-inner clr\"><li class=\"image-wrap\">\n\t<span class=\"onsale\">Promo\u00a0!<\/span>\n\t\n\t<div class=\"woo-entry-image clr\">\n\t\t<a href=\"https:\/\/baobolt.com\/index.php\/produit\/coffee-table\/\" class=\"woocommerce-LoopProduct-link\"><img loading=\"lazy\" decoding=\"async\" width=\"300\" height=\"300\" src=\"https:\/\/baobolt.com\/wp-content\/uploads\/2021\/04\/table-3@2x-300x300.jpg\" class=\"woo-entry-image-main\" alt=\"Coffee Table\" itemprop=\"image\" srcset=\"https:\/\/baobolt.com\/wp-content\/uploads\/2021\/04\/table-3@2x-300x300.jpg 300w, https:\/\/baobolt.com\/wp-content\/uploads\/2021\/04\/table-3@2x-100x100.jpg 100w, https:\/\/baobolt.com\/wp-content\/uploads\/2021\/04\/table-3@2x-150x150.jpg 150w\" sizes=\"(max-width: 300px) 100vw, 300px\" title=\"Contact us\"><\/a>\t<\/div><!-- .woo-entry-image -->\n\n\t<a href=\"\/index.php\/wp-json\/wp\/v2\/pages\/1290?add-to-cart=596\" aria-describedby=\"woocommerce_loop_add_to_cart_link_describedby_596\" data-quantity=\"1\" class=\"button product_type_simple add_to_cart_button ajax_add_to_cart\" data-product_id=\"596\" data-product_sku=\"\" aria-label=\"Ajouter au panier\u00a0: &ldquo;Coffee Table&rdquo;\" rel=\"nofollow\" data-success_message=\"\u00ab\u00a0Coffee Table\u00a0\u00bb a \u00e9t\u00e9 ajout\u00e9 \u00e0 votre panier\" role=\"button\">Ajouter au panier<\/a>\t<span id=\"woocommerce_loop_add_to_cart_link_describedby_596\" class=\"screen-reader-text\">\n\t\t\t<\/span>\n<\/li><ul class=\"woo-product-info\"><li class=\"category\"><a href=\"https:\/\/baobolt.com\/index.php\/categorie-produit\/fronius\/\" rel=\"tag\">Fronius<\/a><\/li><li class=\"title\"><h2><a href=\"https:\/\/baobolt.com\/index.php\/produit\/coffee-table\/\">Coffee Table<\/a><\/h2><\/li><li class=\"price-wrap\">\n\t<span class=\"price\"><del aria-hidden=\"true\"><span class=\"woocommerce-Price-amount amount\"><bdi><span class=\"woocommerce-Price-currencySymbol\">&#x62f;.&#x645;.<\/span>&nbsp;85,00<\/bdi><\/span><\/del> <span class=\"screen-reader-text\">Le prix initial \u00e9tait\u00a0: &#x62f;.&#x645;.&nbsp;85,00.<\/span><ins aria-hidden=\"true\"><span class=\"woocommerce-Price-amount amount\"><bdi><span class=\"woocommerce-Price-currencySymbol\">&#x62f;.&#x645;.<\/span>&nbsp;70,00<\/bdi><\/span><\/ins><span class=\"screen-reader-text\">Le prix actuel est\u00a0: &#x62f;.&#x645;.&nbsp;70,00.<\/span><\/span>\n<\/li><li class=\"rating\"><div class=\"star-rating\" role=\"img\" aria-label=\"Note 4.00 sur 5\"><span style=\"width:80%\">Note <strong class=\"rating\">4.00<\/strong> sur 5<\/span><\/div><\/li><\/ul>\r\n<ul class=\"woo-product-gallery\">\r\n\r\n\t\r\n\t\r\n\t\t<li class=\"active\">\r\n\t\t\t<a href=\"https:\/\/baobolt.com\/wp-content\/uploads\/2021\/04\/table-3@2x-300x300.jpg\" class=\"woo-product-gallery-link no-lightbox\">\r\n\t\t\t\t<img loading=\"lazy\" decoding=\"async\" width=\"300\" height=\"300\" src=\"https:\/\/baobolt.com\/wp-content\/uploads\/2021\/04\/table-3@2x-300x300.jpg\" class=\"attachment-woocommerce_thumbnail size-woocommerce_thumbnail\" alt=\"Coffee Table\" itemprop=\"image\" srcset=\"https:\/\/baobolt.com\/wp-content\/uploads\/2021\/04\/table-3@2x-300x300.jpg 300w, https:\/\/baobolt.com\/wp-content\/uploads\/2021\/04\/table-3@2x-100x100.jpg 100w, https:\/\/baobolt.com\/wp-content\/uploads\/2021\/04\/table-3@2x-150x150.jpg 150w\" sizes=\"(max-width: 300px) 100vw, 300px\" title=\"Contact us\">\t\t\t<\/a>\r\n\t\t<\/li>\r\n\r\n\t\t\r\n\t\r\n<\/ul>\r\n<\/ul><\/div><!-- .product-inner .clr --><\/li>\n<li class=\"entry has-media has-rating has-product-nav col span_1_of_4 owp-content-center owp-thumbs-layout-vertical owp-btn-big owp-tabs-layout-vertical has-no-thumbnails circle-sale product type-product post-593 status-publish last instock product_cat-fronius has-post-thumbnail sale shipping-taxable purchasable product-type-simple\">\n\t<div class=\"product-inner clr\"><ul class=\"woo-entry-inner clr\"><li class=\"image-wrap\">\n\t<span class=\"onsale\">Promo\u00a0!<\/span>\n\t\n\t<div class=\"woo-entry-image clr\">\n\t\t<a href=\"https:\/\/baobolt.com\/index.php\/produit\/tallest-chair\/\" class=\"woocommerce-LoopProduct-link\"><img loading=\"lazy\" decoding=\"async\" width=\"300\" height=\"300\" src=\"https:\/\/baobolt.com\/wp-content\/uploads\/2021\/04\/chair-7@2x-300x300.jpg\" class=\"woo-entry-image-main\" alt=\"Tallest Chair\" itemprop=\"image\" srcset=\"https:\/\/baobolt.com\/wp-content\/uploads\/2021\/04\/chair-7@2x-300x300.jpg 300w, https:\/\/baobolt.com\/wp-content\/uploads\/2021\/04\/chair-7@2x-100x100.jpg 100w, https:\/\/baobolt.com\/wp-content\/uploads\/2021\/04\/chair-7@2x-150x150.jpg 150w\" sizes=\"(max-width: 300px) 100vw, 300px\" title=\"Contact us\"><\/a>\t<\/div><!-- .woo-entry-image -->\n\n\t<a href=\"\/index.php\/wp-json\/wp\/v2\/pages\/1290?add-to-cart=593\" aria-describedby=\"woocommerce_loop_add_to_cart_link_describedby_593\" data-quantity=\"1\" class=\"button product_type_simple add_to_cart_button ajax_add_to_cart\" data-product_id=\"593\" data-product_sku=\"\" aria-label=\"Ajouter au panier\u00a0: &ldquo;Tallest Chair&rdquo;\" rel=\"nofollow\" data-success_message=\"\u00ab\u00a0Tallest Chair\u00a0\u00bb a \u00e9t\u00e9 ajout\u00e9 \u00e0 votre panier\" role=\"button\">Ajouter au panier<\/a>\t<span id=\"woocommerce_loop_add_to_cart_link_describedby_593\" class=\"screen-reader-text\">\n\t\t\t<\/span>\n<\/li><ul class=\"woo-product-info\"><li class=\"category\"><a href=\"https:\/\/baobolt.com\/index.php\/categorie-produit\/fronius\/\" rel=\"tag\">Fronius<\/a><\/li><li class=\"title\"><h2><a href=\"https:\/\/baobolt.com\/index.php\/produit\/tallest-chair\/\">Tallest Chair<\/a><\/h2><\/li><li class=\"price-wrap\">\n\t<span class=\"price\"><del aria-hidden=\"true\"><span class=\"woocommerce-Price-amount amount\"><bdi><span class=\"woocommerce-Price-currencySymbol\">&#x62f;.&#x645;.<\/span>&nbsp;55,00<\/bdi><\/span><\/del> <span class=\"screen-reader-text\">Le prix initial \u00e9tait\u00a0: &#x62f;.&#x645;.&nbsp;55,00.<\/span><ins aria-hidden=\"true\"><span class=\"woocommerce-Price-amount amount\"><bdi><span class=\"woocommerce-Price-currencySymbol\">&#x62f;.&#x645;.<\/span>&nbsp;50,00<\/bdi><\/span><\/ins><span class=\"screen-reader-text\">Le prix actuel est\u00a0: &#x62f;.&#x645;.&nbsp;50,00.<\/span><\/span>\n<\/li><li class=\"rating\"><div class=\"star-rating\" role=\"img\" aria-label=\"Note 4.00 sur 5\"><span style=\"width:80%\">Note <strong class=\"rating\">4.00<\/strong> sur 5<\/span><\/div><\/li><\/ul>\r\n<ul class=\"woo-product-gallery\">\r\n\r\n\t\r\n\t\r\n\t\t<li class=\"active\">\r\n\t\t\t<a href=\"https:\/\/baobolt.com\/wp-content\/uploads\/2021\/04\/chair-7@2x-300x300.jpg\" class=\"woo-product-gallery-link no-lightbox\">\r\n\t\t\t\t<img loading=\"lazy\" decoding=\"async\" width=\"300\" height=\"300\" src=\"https:\/\/baobolt.com\/wp-content\/uploads\/2021\/04\/chair-7@2x-300x300.jpg\" class=\"attachment-woocommerce_thumbnail size-woocommerce_thumbnail\" alt=\"Tallest Chair\" itemprop=\"image\" srcset=\"https:\/\/baobolt.com\/wp-content\/uploads\/2021\/04\/chair-7@2x-300x300.jpg 300w, https:\/\/baobolt.com\/wp-content\/uploads\/2021\/04\/chair-7@2x-100x100.jpg 100w, https:\/\/baobolt.com\/wp-content\/uploads\/2021\/04\/chair-7@2x-150x150.jpg 150w\" sizes=\"(max-width: 300px) 100vw, 300px\" title=\"Contact us\">\t\t\t<\/a>\r\n\t\t<\/li>\r\n\r\n\t\t\r\n\t\r\n<\/ul>\r\n<\/ul><\/div><!-- .product-inner .clr --><\/li>\n<\/ul>\n<\/div><\/p>\n","protected":false},"excerpt":{"rendered":"<p>Physical Address\u200b 304 North Cardinal St. Dorchester Center, MA 02124 Email Address info@company.com contact@company.com Phone Numbers 1-555-123-4567 1-800-123-4567 Send us a message Trending Now Browse Shop<\/p>\n","protected":false},"author":1,"featured_media":0,"parent":0,"menu_order":0,"comment_status":"closed","ping_status":"closed","template":"","meta":{"_eb_attr":"","ocean_post_layout":"","ocean_both_sidebars_style":"","ocean_both_sidebars_content_width":0,"ocean_both_sidebars_sidebars_width":0,"ocean_sidebar":"","ocean_second_sidebar":"","ocean_disable_margins":"enable","ocean_add_body_class":"","ocean_shortcode_before_top_bar":"","ocean_shortcode_after_top_bar":"","ocean_shortcode_before_header":"","ocean_shortcode_after_header":"","ocean_has_shortcode":"","ocean_shortcode_after_title":"","ocean_shortcode_before_footer_widgets":"","ocean_shortcode_after_footer_widgets":"","ocean_shortcode_before_footer_bottom":"","ocean_shortcode_after_footer_bottom":"","ocean_display_top_bar":"default","ocean_display_header":"default","ocean_header_style":"","ocean_center_header_left_menu":"","ocean_custom_header_template":"","ocean_custom_logo":0,"ocean_custom_retina_logo":0,"ocean_custom_logo_max_width":0,"ocean_custom_logo_tablet_max_width":0,"ocean_custom_logo_mobile_max_width":0,"ocean_custom_logo_max_height":0,"ocean_custom_logo_tablet_max_height":0,"ocean_custom_logo_mobile_max_height":0,"ocean_header_custom_menu":"","ocean_menu_typo_font_family":"","ocean_menu_typo_font_subset":"","ocean_menu_typo_font_size":0,"ocean_menu_typo_font_size_tablet":0,"ocean_menu_typo_font_size_mobile":0,"ocean_menu_typo_font_size_unit":"px","ocean_menu_typo_font_weight":"","ocean_menu_typo_font_weight_tablet":"","ocean_menu_typo_font_weight_mobile":"","ocean_menu_typo_transform":"","ocean_menu_typo_transform_tablet":"","ocean_menu_typo_transform_mobile":"","ocean_menu_typo_line_height":0,"ocean_menu_typo_line_height_tablet":0,"ocean_menu_typo_line_height_mobile":0,"ocean_menu_typo_line_height_unit":"","ocean_menu_typo_spacing":0,"ocean_menu_typo_spacing_tablet":0,"ocean_menu_typo_spacing_mobile":0,"ocean_menu_typo_spacing_unit":"","ocean_menu_link_color":"","ocean_menu_link_color_hover":"","ocean_menu_link_color_active":"","ocean_menu_link_background":"","ocean_menu_link_hover_background":"","ocean_menu_link_active_background":"","ocean_menu_social_links_bg":"","ocean_menu_social_hover_links_bg":"","ocean_menu_social_links_color":"","ocean_menu_social_hover_links_color":"","ocean_disable_title":"default","ocean_disable_heading":"default","ocean_post_title":"","ocean_post_subheading":"","ocean_post_title_style":"","ocean_post_title_background_color":"","ocean_post_title_background":0,"ocean_post_title_bg_image_position":"","ocean_post_title_bg_image_attachment":"","ocean_post_title_bg_image_repeat":"","ocean_post_title_bg_image_size":"","ocean_post_title_height":0,"ocean_post_title_bg_overlay":0.5,"ocean_post_title_bg_overlay_color":"","ocean_disable_breadcrumbs":"default","ocean_breadcrumbs_color":"","ocean_breadcrumbs_separator_color":"","ocean_breadcrumbs_links_color":"","ocean_breadcrumbs_links_hover_color":"","ocean_display_footer_widgets":"default","ocean_display_footer_bottom":"default","ocean_custom_footer_template":"","footnotes":""},"class_list":["post-1290","page","type-page","status-publish","hentry","entry","owp-thumbs-layout-vertical","owp-btn-big","owp-tabs-layout-vertical","has-no-thumbnails","has-product-nav","circle-sale"],"_links":{"self":[{"href":"https:\/\/baobolt.com\/index.php\/wp-json\/wp\/v2\/pages\/1290","targetHints":{"allow":["GET"]}}],"collection":[{"href":"https:\/\/baobolt.com\/index.php\/wp-json\/wp\/v2\/pages"}],"about":[{"href":"https:\/\/baobolt.com\/index.php\/wp-json\/wp\/v2\/types\/page"}],"author":[{"embeddable":true,"href":"https:\/\/baobolt.com\/index.php\/wp-json\/wp\/v2\/users\/1"}],"replies":[{"embeddable":true,"href":"https:\/\/baobolt.com\/index.php\/wp-json\/wp\/v2\/comments?post=1290"}],"version-history":[{"count":0,"href":"https:\/\/baobolt.com\/index.php\/wp-json\/wp\/v2\/pages\/1290\/revisions"}],"wp:attachment":[{"href":"https:\/\/baobolt.com\/index.php\/wp-json\/wp\/v2\/media?parent=1290"}],"curies":[{"name":"wp","href":"https:\/\/api.w.org\/{rel}","templated":true}]}}